{"id":42,"date":"2012-03-05T18:23:38","date_gmt":"2012-03-05T17:23:38","guid":{"rendered":"http:\/\/cerstinsander.com\/welcome\/?page_id=42"},"modified":"2012-03-06T14:04:42","modified_gmt":"2012-03-06T13:04:42","slug":"money-transfer-remittances","status":"publish","type":"page","link":"https:\/\/cerstinsander.com\/welcome\/publications-%e3%83%bb-papers\/money-transfer-remittances\/","title":{"rendered":"Money Transfer &#038; Remittances"},"content":{"rendered":"<ul>\n<li>Sander, Cerstin:\u00a0 Of Migrants &amp; Money Matters \u2013 From Migrant Remittance Transfers to Migrant Banking. Paper presented at the UBI Banca International Banking Forum, Brescia, Italy, 18 &#8211; 19 June 2009.\u00a0 <a href=\"http:\/\/www.microfinancegateway.org\/p\/site\/m\/template.rc\/1.9.41997\/\" target=\"_blank\">www.microfinancegateway.org\/p\/site\/m\/template.rc\/1.9.41997\/<\/a><\/li>\n<li>Sander, Cerstin: Remittance Money Transfers, Microfinance and Financial Integration: Of Credo, Cruxes, and Convictions. In Ingrid Matth\u00e4us-Maier and J.D. von Pischke (eds.): <em>New Partnerships for Innovation in Microfinance<\/em>. Springer, Berlin, 2008.<\/li>\n<li>Sander, Cerstin: Remittances: strategic and operational considerations. Annex to IFAD Decision Tools for Rural Finance, IFAD, Rome, 2006. \u00a0<a href=\"http:\/\/www.ifad.org\/ruralfinance\/pub\/remittances.pdf\" target=\"_blank\">www.ifad.org\/ruralfinance\/pub\/remittances.pdf<\/a><\/li>\n<li>Sander, Cerstin. How money moves in cash-based markets: money transfer services in Kenya, Tanzania and Uganda. in Shaw, Judith (ed.). <em>Remittances, Microfinance and Development: building the links<\/em>, Volume 1: a global view,<strong> <\/strong>Foundation for Development Cooperation, Brisbane, 2005.\u00a0 <a href=\"http:\/\/www.fdc.org.au\/Remittances%20Vol1.php\" target=\"_blank\">www.fdc.org.au\/Remittances%20Vol1.php<\/a><\/li>\n<li>Sander, Cerstin, Doina Nistor, Andrei Bat, Viorica Petrov, and Victoria Seymour: Migrant Remittances and the Financial Market in Moldova.\u00a0 Study prepared for USAID (BASIS\/CRSP), February 2005. \u00a0(see also BASIS brief \u201933: \u2018Migrant Remittances and the Financial Market in Moldova,\u2019 by Cerstin Sander, Doina Nistor, Andrei Bat, Viorica Petrov, Victoria Seymour. October 2005.\u00a0<a href=\"http:\/\/www.basis.wisc.edu\/live\/basbrief33.pdf\" target=\"_blank\">www.basis.wisc.edu\/live\/basbrief33.pdf<br \/>\n<\/a><a href=\"http:\/\/www.basis.wisc.edu\/live\/Migrant%20Remittances%20and%20Financial%20Market%20Moldova%20_Feb051.pdf\" target=\"_blank\">www.basis.wisc.edu\/live\/Migrant%20Remittances%20and%20Financial%20Market%20Moldova%20_Feb051.pdf<\/a><\/li>\n<li>Sander, Cerstin and S.M. Maimbo: Migrant Remittances in Africa \u2013 A Regional Perspective.\u00a0 In Samuel Munzele Maimbo and Dilip Ratha (eds.): <em>Remittances \u2013 Development Impact and Future Prospects<\/em>. World Bank, Washington, D.C., 2005, pp. 53-80.<\/li>\n<li>Sander, Cerstin: Migrant Remittances: A Profitable Proposition for the Financial Services Sector. <em>Developing Alternatives<\/em>, 10 (1), winter 2005. \u00a0<a href=\"www.dai.com\" target=\"_blank\">www.dai.com<\/a><\/li>\n<li>Migrant Remittances. Newsletter, USAID and DFID. Cerstin Sander (editor 2004 to 2005).\u00a0 <a href=\"http:\/\/microlinks.kdid.org\" target=\"_blank\">http:\/\/microlinks.kdid.org<\/a><\/li>\n<li>Sander, Cerstin:\u00a0 Capturing a Market Share?\u00a0 Migrant Remittances and Money Transfers as a Microfinance Service in Sub-Saharan Africa.\u00a0 <em>Small Enterprise Development Journal<\/em>, special issue on migrant remittances, March 2004. (Presented at the conference on &#8216;Current Issues in Microfinance&#8217;, Johannesburg, August 2003.)<br \/>\n<a href=\"http:\/\/india.microsave.org\/sites\/default\/files\/research_papers\/Capturing_a_Market_Share.pdf\" target=\"_blank\">http:\/\/india.microsave.org\/sites\/default\/files\/research_papers\/Capturing_a_Market_Share.pdf<\/a><\/li>\n<li>Sander, Cerstin: Migrant Remittances and the Investment Climate: Exploring the Nexus. Case Study Commissioned by the UK Department for International Development for the 2005 World Development Report, January 2004.\u00a0 <a href=\"http:\/\/siteresources.worldbank.org\/INTWDR2005\/Resources\/477407-1096581040435\/dfid_sander_14.pdf\" target=\"_blank\">http:\/\/siteresources.worldbank.org\/INTWDR2005\/Resources\/477407-1096581040435\/dfid_sander_14.pdf<\/a><\/li>\n<li>Sander, Cerstin: Passing the Buck in East Africa: The Money Transfer Practice and Potential for Services in Kenya, Tanzania, and Uganda.\u00a0 MicroSave-Africa, Nairobi, 2004. \u00a0 \u00a0 \u00a0\u00a0<a href=\"http:\/\/www.microsave.org\/research_paper\/passing-the-buck-money-transfer-systems-the-practice-and-potential-for-products-in-ta\" target=\"_blank\">www.microsave.org\/research_paper\/passing-the-buck-money-transfer-systems-the-practice-and-potential-for-products-in-ta<\/a><\/li>\n<li>Sander, Cerstin and Samuel Maimbo:\u00a0 Migrant Remittances in Africa:\u00a0 Reducing Obstacles to Developmental Contributions.\u00a0 World Bank Africa Region Working Paper Series no. 64, World Bank, Financial Sector Vice Presidency, Africa, 2003. \u00a0\u00a0<a href=\"http:\/\/www.worldbank.org\/afr\/wps\/wp64.htm\" target=\"_blank\">www.worldbank.org\/afr\/wps\/wp64.htm<\/a><\/li>\n<li>Sander, Cerstin, Issa Barro, Mamadou Fall, Mariell Juhlin et Coumba Diop:\u00a0 Etude sur le transfert d\u2019argent des \u00e9migr\u00e9s au S\u00e9n\u00e9gal et les services de transfert en microfinance.\u00a0 Working Paper \/ Document de Travail No. 40, Employment Sector, Social Finance Unit \/ Le Programme Finance et Solidarit\u00e9, International Labour Office (ILO\/BIT), Geneva, 2003. \u00a0<a href=\"http:\/\/www.ilo.org\/wcmsp5\/groups\/public\/---ed_emp\/documents\/publication\/wcms_117966.pdf\" target=\"_blank\">www.ilo.org\/wcmsp5\/groups\/public\/&#8212;ed_emp\/documents\/publication\/wcms_117966.pdf<\/a><\/li>\n<li>Sander, Cerstin:\u00a0 Migrant Remittances to Developing Countries &#8211; A Scoping Study:\u00a0 Overview and Introduction to Issues for Pro-Poor Financial Services.\u00a0 Prepared for DFID, 2003.\u00a0 <a href=\"http:\/\/www.livelihoods.org\/hot_topics\/docs\/Remitstudy.pdf\" target=\"_blank\">www.livelihoods.org\/hot_topics\/docs\/Remitstudy.pdf<\/a><\/li>\n<li>Kabbucho, Kamau, Cerstin Sander, Peter Mukwana:\u00a0 Passing the Buck \u2013 Money Transfer Systems:\u00a0 The Practice and Potential for Products in Kenya.\u00a0 MicroSave-Africa, Nairobi, 2003.\u00a0 <em>see synthesis Sander, Cerstin: Passing the Buck in East Africa, 2004<\/em><\/li>\n<li>Sander, Cerstin, Peter Mukwana, Altemius Millinga:\u00a0 Passing the Buck \u2013 Money Transfer Systems: The Practice and Potential for Products in Tanzania and Uganda.\u00a0 MicroSave-Africa &amp; Austrian Development Cooperation, 2001. \u00a0<em>see synthesis Sander, Cerstin: Passing the Buck in East Africa, 2004<\/em><\/li>\n<\/ul>\n","protected":false},"excerpt":{"rendered":"<p>Sander, Cerstin:\u00a0 Of Migrants &amp; Money Matters \u2013 From Migrant Remittance Transfers to Migrant Banking. Paper presented at the UBI Banca International Banking Forum, Brescia, Italy, 18 &#8211; 19 June 2009.\u00a0 www.microfinancegateway.org\/p\/site\/m\/template.rc\/1.9.41997\/ Sander, Cerstin: Remittance Money Transfers, Microfinance and Financial &hellip; <a href=\"https:\/\/cerstinsander.com\/welcome\/publications-%e3%83%bb-papers\/money-transfer-remittances\/\">Continue reading <span class=\"meta-nav\">&rarr;<\/span><\/a><\/p>\n","protected":false},"author":1,"featured_media":0,"parent":47,"menu_order":4,"comment_status":"closed","ping_status":"closed","template":"","meta":{"footnotes":""},"_links":{"self":[{"href":"https:\/\/cerstinsander.com\/welcome\/wp-json\/wp\/v2\/pages\/42"}],"collection":[{"href":"https:\/\/cerstinsander.com\/welcome\/wp-json\/wp\/v2\/pages"}],"about":[{"href":"https:\/\/cerstinsander.com\/welcome\/wp-json\/wp\/v2\/types\/page"}],"author":[{"embeddable":true,"href":"https:\/\/cerstinsander.com\/welcome\/wp-json\/wp\/v2\/users\/1"}],"replies":[{"embeddable":true,"href":"https:\/\/cerstinsander.com\/welcome\/wp-json\/wp\/v2\/comments?post=42"}],"version-history":[{"count":14,"href":"https:\/\/cerstinsander.com\/welcome\/wp-json\/wp\/v2\/pages\/42\/revisions"}],"predecessor-version":[{"id":51,"href":"https:\/\/cerstinsander.com\/welcome\/wp-json\/wp\/v2\/pages\/42\/revisions\/51"}],"up":[{"embeddable":true,"href":"https:\/\/cerstinsander.com\/welcome\/wp-json\/wp\/v2\/pages\/47"}],"wp:attachment":[{"href":"https:\/\/cerstinsander.com\/welcome\/wp-json\/wp\/v2\/media?parent=42"}],"curies":[{"name":"wp","href":"https:\/\/api.w.org\/{rel}","templated":true}]}}